pose x*k + 10 - 2 = 0. Let n(w) = -4*w - 5. Calculate n(k).
11
Let y(p) = -4*p - 7. Let x(l) = -l**3 + 3*l**2 + 2*l + 2. Let o be x(3). Suppose 4*g + o = 0, 0 = -3*b - 2*g + 1 - 17. Give y(b).
9
Let d be (-15 + 923/65)/((-4)/(-10)) + 6. Let a(i) = 13*i - 27. Give a(d).
25
Let o(x) = -7*x**2 - 1. Let a be -98 + (-2 - 2) + 0. Let y = -103 - a. Determine o(y).
-8
Suppose 0*n - 15 = -5*n. Let u be (-20)/130 + ((-140)/(-65) - -1). Let d(f) = 34*f**2 - 6*f + f**u + 0*f**n - 28*f**2. Give d(-7).
-7
Let d(g) = g**2 + 8*g + 8. Let u(y) = 6*y**2 - 40*y + 37. Let w(c) = 4*d(c) - u(c). Calculate w(36).
-5
Let l(m) be the first derivative of -m**2/2 + 26*m - 307. Give l(28).
-2
Let c = -32 + 41. Suppose 14 = -4*n - b, -5*b - c = 2*n - 11. Let h(g) = 4*g**2 + 4 + 4*g + 5 + 0 - 5 + g**3. Give h(n).
-12
Let g(x) = 140*x + 145*x + 4 - 421*x - 5 - 14*x**2 + 138*x. Let w be ((-4)/5)/(2/(-5)). Let c be w*-1*4/(-8). Give g(c).
-13
Let n(m) = m**2 - 3*m - 1. Suppose 2*s + 3*j - 135 = -2*j, 0 = -3*s - j + 170. Suppose -9*t + s = 28. What is n(t)?
-1
Suppose -4*y - 5 = -u, -19 = y - 3*u - 4. Let k(r) = 10*r. What is k(y)?
0
Let h(c) = 4*c - 8. Suppose -58*w = 346 - 10728. Let x = w + -172. Determine h(x).
20
Let c(j) = -25*j**3 + 13*j**2 - 2*j + 14. Let t(n) = -46*n**3 + 25*n**2 - 2*n + 28. Let s(w) = -11*c(w) + 6*t(w). What is s(8)?
30
Let g = 5 + -8. Let o(b) be the first derivative of b**4/8 + b**3/6 + b**2 + 30*b - 41. Let r(a) be the second derivative of o(a). Calculate r(g).
-8
Let k(n) = 2712*n**3 - 16*n + 3 - 80*n**2 + 74*n**2 - 2711*n**3. What is k(8)?
3
Let o(y) = 5*y**2 + 7 + 3*y**2 + 4*y - 19*y**3 + 18*y**3 + 0*y**3 - 4*y**2. Calculate o(4).
23
Let u be (-6)/27 - 3/((-108)/(-2836)). Let w = 87 + u. Let k be (-2)/w + (-57)/12. Let q(z) = -z**2 - 3*z + 4. Give q(k).
-6
Let z(y) = 9 - 16 + y + 0*y. Let w be z(9). Let k(n) = -14*n**2 - 10*n**w + 5*n + 5 + 25*n**2. Determine k(-4).
1
Let w(l) = l**3 + 37*l**2 + 13*l + 1935. Let o be w(-38). Let n(y) = -y**3 - 4*y. Let u(m) = 2*m**3 + m**2 + 4*m - 1. Let r(v) = 3*n(v) + 2*u(v). Give r(o).
1
Let f(b) = -68*b**2 - b. Let t = -2115 + 2114. Determine f(t).
-67
Let b(k) be the third derivative of -17*k**4/24 - k**3/6 - k**2. Suppose -v + 2*s = 2 + 12, 0 = -v + 5*s - 8. Let o = 17 + v. Determine b(o).
16
Let h(c) be the third derivative of 1/20*c**5 + 0 + 1/360*c**6 + 1/6*c**4 + 13/6*c**3 + 4*c**2 + 0*c. Let o(q) be the first derivative of h(q). Determine o(-4).
-4
Let l(t) = t**2 - t - 6. Let g(q) = q**2 + 6*q + 2. Let s = -106 - -101. Let c be g(s). What is l(c)?
6
Let r(i) = -7*i**2 + 5*i + 9. Let n(o) = -o**2 - o. Let j(l) = 4*n(l) - r(l). Let b(f) = 16*f**2 - 45*f - 48. Let d(h) = -2*b(h) + 11*j(h). Calculate d(9).
-3
Let j(f) = 125*f - 748. Let x be j(6). Suppose 27 = 2*b - r, 5*r = -0*b - 4*b + 19. Let k(p) = 12*p**x - 2*p + 1 - 2 + 4*p - b*p**2. Calculate k(-5).
14
Let o = 1541 - 4622/3. Let t(h) be the first derivative of o*h**3 + 0*h**2 - 2*h + 41. Determine t(3).
7
Let y(u) = 13077 + 13120 - 26148 + 4*u. Calculate y(-14).
-7
Suppose 46 = -4*r - 3*u, -r + 369 = 2*u + 378. Let l(j) = j**3 + 14*j**2 + 13*j - 28. What is l(r)?
-28
Let k be (-8 - -5)/(0 + 3/(-4)). Let b(p) = -3*p - 7. Let t(v) be the first derivative of -13*v**2/2 - 29*v + 2. Let w(c) = 9*b(c) - 2*t(c). What is w(k)?
-9
Let q = -104555 + 104572. Let w(h) = -3*h**3 - 18*h**2 + 16*h + 13. Let o(i) = 2*i**3 + 18*i**2 - 16*i - 13. Let t(j) = -4*o(j) - 3*w(j). What is t(q)?
-4
Let p(z) = z**2 + 10*z + 18. Let b = 1045 - 1053. Calculate p(b).
2
Let v = -36 - -56. Suppose -5*m + 97 = 5*w - 28, w = -2*m + v. Let t(b) = -16*b + w*b + 6 - 13*b. What is t(-5)?
1
Let s(m) = -5*m + 1. Let q be -5 + (3 - (-5)/((-20)/(-24))). Suppose q*f = 20 + 4. Determine s(f).
-29
Suppose -4*a + 78 = 9*a. Let z(t) = a*t - t - 2 - 4 + 5. What is z(-1)?
-6
Let z(n) = -2*n**3 + 7*n**2 - 4*n + 4. Let v(l) = -3*l**3 + 12*l**2 - 7*l + 7. Let q(o) = o + 8. Let y be q(-5). Let w(r) = y*v(r) - 5*z(r). What is w(-2)?
-1
Let u(c) = c**2 - 233*c + 5372. Let r be u(26). Let v(m) = m - m - 2*m - 15. Give v(r).
5
Let d be 5 - ((11 - 7) + -1 + -1). Let c(b) be the third derivative of 4*b**2 - 1/24*b**4 - 2/3*b**d + 0 + 0*b. Calculate c(-5).
1
Let z(a) = 46*a**2 - 67*a + 147. Let j(c) = -33*c**2 + 45*c - 99. Let w(n) = 7*j(n) + 5*z(n). What is w(-22)?
-2
Let q(b) = b**2 - 2*b - 6. Let s(y) = 3*y**2 - 6*y - 18. Let l(f) = 11*q(f) - 4*s(f). Suppose -5*p + 8*p + 14 = 2*z, 10 = 3*z + p. Determine l(z).
-2
Let j(w) = -117*w + 2567. Let v be j(22). Let p(q) = -q**3 - 13*q**2 - 39*q + 15. What is p(v)?
-6
Suppose -87*z + 86*z = 2. Let a(p) = 1 - 4 - 9 + 5 + 5 + 11*p. What is a(z)?
-24
Let y be (-19 - -28)*(-222)/(-27). Suppose -9*j + 38 = y. Let a(t) = -t**2 - 5*t - 5. Calculate a(j).
-1
Let i(y) be the third derivative of y**6/120 - y**4/8 + y**3/3 + 835*y**2 + 2*y. Let k = -237 - -234. Calculate i(k).
-16
Let b(x) be the first derivative of 85*x**3/3 - x**2 - x + 11. Let g be b(1). Let d(n) = -3*n**2 - g + 88 + 5*n + 2*n**2. Determine d(6).
0
Let n(i) be the third derivative of -i**5/60 + 7*i**4/12 - 9*i**3/2 - 17*i**2 - i. Calculate n(11).
6
Suppose 6*k - 4*k - 4 = 0. Let x(n) = 0*n**2 - n**3 + n**2 + 116*n - 117*n + 1. Let d be x(k). Let g(h) = 2*h + 5. What is g(d)?
-5
Let z be (32/(-20))/(2/(-10)). Let f(p) be the first derivative of -p**4/4 + 7*p**3/3 + 6*p**2 - 9*p + 6602. What is f(z)?
23
Let a(k) = -2*k**2 - 3*k - 9. Let g(h) = -h**2 - h - 5. Let b(m) = 3*a(m) - 5*g(m). Suppose 8*t + 8 = 6*t. Give b(t).
-2
Suppose -5*l = 5*p - l - 37, -p = 2*l - 11. Suppose -5*i - 96 = -3*m, p*m + 0*i = 2*i + 141. Let r = -22 + m. Let u(c) = -2*c + 5. What is u(r)?
-5
Let v(m) = 13*m + 16. Let f(u) = 21*u + 25. Suppose 6*n + 30 = 5*k + n, -2*k = -3*n - 13. Let o(p) = k*f(p) - 8*v(p). Suppose w = 5*w. Give o(w).
-3
Let k = -476 - -479. Let c(z) = z**2 + z - 16. Let v be c(k). Let g(t) = -t**3 - 4*t**2 - t + 2. Give g(v).
6
Let l(v) be the third derivative of v**6/120 - v**5/60 + v**4/8 + v**3/6 + 321*v**2. Determine l(3).
28
Suppose -120 = 6*j - 132. Let z(d) = 2*d + 5*d + 0*d**3 - 5*d**2 + d**3 - 10*d - j. Calculate z(6).
16
Let b = 13352 + -13349. Let c(o) = -3*o + 15. What is c(b)?
6
Suppose -2*j + b - 4 = 0, 4*b - 3 + 11 = -4*j. Let t(p) be the third derivative of p**6/120 - p**5/60 - p**4/12 + p**3/6 - 831*p**2 + 4. What is t(j)?
-7
Let i(p) = p**2 + 6*p + 10. Let y = -375 + 384. Suppose 883 - 838 = -y*d. What is i(d)?
5
Let f = -30 - -30. Suppose -5*b - 12 + 37 = f. Let t(w) = -45*w**2 + 2*w + 1 + w**3 - b + 52*w**2. Calculate t(-7).
-18
Let h(o) = 11*o**3 + 340*o**2 - 263*o + 43. Let a(b) = -13*b**3 - 403*b**2 + 263*b - 45. Let k(j) = -5*a(j) - 6*h(j). Determine k(-33).
0
Let u(h) = -5*h**3 + 3*h**2 - 4. Suppose -109*f + 103 - 33 = -148. What is u(f)?
-32
Suppose -2 - 5 = -y. Let n(b) be the second derivative of -b**4/24 + b**3/3 - 43*b**2/2 - 186*b. Let h(t) be the first derivative of n(t). Calculate h(y).
-5
Let c(m) = 22*m + 266. Let l be c(-12). Let n(k) = k**3 - 2 + 4 + 6*k**l - 9*k**2 + 0*k**3. Give n(2).
-2
Let y(j) = -j**3 - 3*j**2 + 3*j - 1. Let s = -36 + 63. Let u be 6/s + 76/(-18). What is y(u)?
3
Let w(d) = 17*d**3 - d**2 + 1. Let a = 123 - 246. Let q = a + -6. Let o = q + 130. Determine w(o).
17
Let u(j) = -72*j + 11. Let i(r) = -61*r + 9. Let t(n) = 7*i(n) - 6*u(n). What is t(0)?
-3
Let r = 11940 - 11937. Let w(f) = -f**3 - 6*f**2 + 28*f - 2. Determine w(r).
1
Let f(p) = p - 12. Let h = 5217 - 5213. Give f(h).
-8
Let j(t) = t**3 - 7*t**2 - 33*t + 24. Let x(o) = 2*o**3 - 15*o**2 - 70*o + 52. Let z(m) = 13*j(m) - 6*x(m). Determine z(4).
12
Let d(i) = i - 5. Let f(n) = -n - 2. Let x(g) = 35*g - 28. Let j(k) = 21*f(k) + x(k). Let o be j(5). Give d(o).
-5
Suppose 0 = 4*t + 20, 4*t + 33 + 3 = -4*n. Let b(l) = -16*l**2 + 10*l. Let r(x) = -21*x**2 + 11*x + 1. Let w(k) = n*b(k) + 3*r(k). Give w(4).
-9
Suppose 3*p = -2*x - 4, -5*p + 5*x - 1 = -36. Let k(a) = 2 + 5*a**2 - 4*a - 4*a**p - 3*a. Let s(u) = -u**3 - 13*u**2 - 41*u - 14. Let r be s(-4). Give k(r).
-4
Let y(n) = -6*n - 60 + 13 + 23 + 16. Let q(g) = -18*g - 22. Let d(r) = 5*q(r) - 14*y(r). Give d(2).
-10
Let v be (44/8 + -5)*(0 - 0). Let w(z) be the first derivative of -z**4/4 + z**2 - 9*z + 262. What is w(v)?
-9
Let j = -80 + -1. 